3*m. What is the tens digit of b?
7
Suppose 5*x = 10*x + 75. What is the units digit of (-6)/((-36)/x)*-2?
5
Suppose -3*q - 22 = -4*k, -4*k + k + 4*q = -20. Let i be 11 + k/((-4)/1). Suppose 0 = i*m - 7*m - 12. What is the units digit of m?
4
Let q be 1170/36*16/10. What is the hundreds digit of 44/(-286) - -766*18/q?
2
Suppose 170 = -4*t + 1126. Let y = t - -27. What is the hundreds digit of y?
2
Let j(n) = n**3 - 2*n**2 + 2*n - 11. Let o = -13 + 18. Let p be j(o). Suppose p - 17 = 3*h. What is the tens digit of h?
1
Suppose 158 = -4*w + 3*j + 1558, 3*j = 2*w - 700. Suppose 90 = -5*z + w. What is the tens digit of z?
5
Let s be (-1)/(-2) + 39/26. Suppose s*h = 248 - 26. Suppose -h = -3*x - 3*f, 2*x + f - 88 + 14 = 0. What is the tens digit of x?
3
Let v = -303 + -81. Let h = -207 - v. What is the tens digit of h?
7
Suppose 0 = -4*j + 4, 5*n - 14 = -5*j + 16. Suppose 2*s - 3*d - 25 = 0, -s - 5*d = -3*d + n. What is the units digit of s?
5
Let o be (-182)/3 + (-10)/(-15). Let d = o - -99. What is the units digit of d?
9
Let r = 3 - -5. Suppose -2*z = 143 - 139. Let k = z + r. What is the units digit of k?
6
Suppose 0 = w + w - 3*z - 1178, 4*z = 3*w - 1768. What is the units digit of w?
2
Let u = 16 + 55. Suppose 3*q - u = 40. What is the tens digit of q?
3
Suppose 3*z + 33 = -0*z. Let m = z + 15. Suppose 0 = 6*o - 5*o - m. What is the units digit of o?
4
Let r(p) = 2*p**3 + 29*p**2 + 55*p + 12. What is the tens digit of r(-11)?
5
Let b(p) = p**2 + p + 35. Let c = 7 - -2. Let i(d) = -d**2 + 11*d - 18. Let n be i(c). What is the tens digit of b(n)?
3
Let s(h) = -h + 2. Let q be s(0). Suppose 2 = -t - 0*t, r - 4*t = 12. Suppose 46 = r*d + q*l + 10, 3*l = -5*d + 47. What is the units digit of d?
7
Let x(k) = 2*k**3 + 17*k**2 - 12*k - 12. What is the hundreds digit of x(-6)?
2
Suppose -4*d - 10*d + 10696 = 0. Suppose -3*i + h - 6*h = -d, -i = 3*h - 260. What is the hundreds digit of i?
2
Let m(w) = -9*w - 3. What is the units digit of m(-23)?
4
Let b be ((-6)/10)/((-36)/3420). Let q = b + -7. What is the tens digit of q?
5
Let a(r) = -3*r**3 - 5*r**2 + 2*r - 5. Let y be a(-4). Suppose -i + y = -4*i. What is the tens digit of (-2 - -3)*i/(-1)?
3
Suppose -5*n = -57 - 18. Let h(a) = -a + 14. Let s be h(n). What is the units digit of (2/(-4))/(s/6)?
3
Let l(z) = -z**2 - 9*z - 17. Let u be l(-5). Suppose -5*h + u*h + w = -206, 0 = -5*w. What is the tens digit of h?
0
Let f be -2*16 - (1 - 3)/(-2). Let v = 13 - f. What is the units digit of v?
6
Let w(v) = v. Let u = -11 - -14. Let l be w(u). Let n(b) = b**2 - b + 2. What is the units digit of n(l)?
8
Suppose -2*z + 0 - 8 = -4*r, -4*z - 4*r = -8. Suppose 0 = o - z - 4. Suppose -w = o*w - 260. What is the units digit of w?
2
Suppose -20*o + 980 = -13*o. What is the hundreds digit of o?
1
Suppose -37 - 23 = -4*y. Let r be (-399)/y*2*-5. What is the units digit of r/10 - (-24)/60?
7
Suppose -4 = -2*s - 4*o + 16, s - o = 25. Suppose 0 = 4*p + k - s - 125, -5*p = 5*k - 200. Suppose 0 = i + 4*i - p. What is the units digit of i?
7
Suppose 0*g + 5*g + 29 = 3*d, -3*d + 4*g = -31. Suppose -d*v + 10*v + 165 = 0. What is the units digit of v?
5
Suppose 5*d - 22 = 1778. What is the hundreds digit of d?
3
Let i(p) = -6*p + 10. Let y be 7 + -11 - (2 + -16). Let a be i(y). What is the units digit of (-5)/(-1)*(-480)/a?
8
Suppose 2*f + 4897 = 5*p, 2947 = 3*p - 7*f + 8*f. What is the units digit of p?
1
Let x(g) be the second derivative of -g**4/12 - 7*g**3/6 + 3*g**2 + 4*g. Let h be x(-7). Let i = h + -1. What is the units digit of i?
5
Let m = 2360 + 48. What is the hundreds digit of m?
4
Suppose -14*p = -17*p + 357. What is the tens digit of p?
1
Let m(g) = g**2 - 6*g + 5. Let o be m(6). Suppose -3*t = -o*i - 77, i + 73 = 3*t - 0*i. What is the tens digit of t?
2
Let u = 13 + -42. Let l = -15 - u. What is the tens digit of l?
1
Suppose -5*a + 14 = 4. Let f be (-104)/(-48) - 1/6. Suppose -x + 21 = a*u, 2*x + f = 2*u + 26. What is the units digit of x?
5
What is the tens digit of (-10 - -2330)*(-1)/(-2)?
6
Let n(d) = -d**3 + 8*d**2 + d - 6. Let j be n(8). Suppose -c + j*c = 32. Let s = 71 - c. What is the units digit of s?
9
Let d = -3 - 5. Let t be (32 - 30)*(1 - (-22 - -2)). What is the units digit of (t/d)/((-21)/196)?
9
What is the tens digit of -4 + 0 + -8 + 476?
6
Let v(a) = -a - a - 5 + 1 + 0*a. Let c be v(-3). What is the units digit of (-1)/c - (-649)/22?
9
Suppose 6*o - 2*o = 0. Suppose o = 6*f + f - 133. What is the units digit of f?
9
Let x be 177 - ((4 - 2) + -4). Suppose -l + 32 = 3*p, -7*p + 2*p = -4*l + x. What is the units digit of l?
1
Let t = -12 + 16. Suppose 0*y - 3*y = t*l - 32, -2*y - 52 = -4*l. Suppose 0 = w - 3 - l. What is the units digit of w?
4
Let q = 20 - 16. Let h be 1/(4/(16 - q)). Suppose 4*u = -2*v + h*v + 241, 5*v = -5*u + 295. What is the tens digit of u?
6
Suppose -r - 82 = -3*r - 2*a, -147 = -3*r + 3*a. Let w be r/(-3)*(-24)/15. Let s = w + -20. What is the units digit of s?
4
Let x be 64/40 - 2/(-5). Let z(m) = 8*m + 2*m**2 + 0*m**2 - 1 - m**x + 0*m**2. What is the units digit of z(-12)?
7
Let n(o) = -o**2 + 3*o. Let x = -5 + 8. Let b be n(x). Suppose b = -u - u + 14. What is the units digit of u?
7
Let i(x) be the second derivative of -x**5/60 - 3*x**4/8 + x**3/3 - 5*x**2/2 - 8*x. Let c(w) be the first derivative of i(w). What is the units digit of c(-8)?
0
Let t = -87 + 205. What is the hundreds digit of t?
1
Suppose 2*m + 2*g + 15 = -3*m, 2*g = 0. Let u(a) = a**3 + a**2. Let i(t) = -5*t**3 - 4*t**2 - t - 4. Let n(h) = i(h) + 4*u(h). What is the tens digit of n(m)?
2
Let z be ((-27)/12)/((-9)/24). What is the units digit of ((-2)/z)/(9/(-1161))?
3
Let d = 153 + -77. Let o = 2 + -2. Suppose 2*c - d = -o*c + a, 0 = 5*c - a - 184. What is the tens digit of c?
3
Suppose 159915 + 50835 = 50*q. What is the units digit of q?
5
Let m = -51 - -55. Suppose 267 = 3*o + 3*r, -3*o = -8*o - m*r + 443. What is the tens digit of o?
8
Let n(r) = r**2 - 9*r + 20. Let p be n(8). Suppose 0 = -0*y + p*y - 996. What is the units digit of y?
3
Let q(v) = -v**3 + 16*v**2 + 34*v - 9. Let o be q(16). Suppose -3*m = 2*k - 216, 0 = 6*k - k + 5*m - o. What is the tens digit of k?
0
Suppose 5*m = 2*x - 5190, -2*x + 7*x - 3*m - 12937 = 0. What is the units digit of x?
5
Suppose -4*l = 4*w + 824, -2*w + 642 = -3*l + 3*w. What is the tens digit of l/(-3) - 4/(-12)?
7
Let y(i) = -2*i**2 + 12*i - 15. What is the units digit of y(2)?
1
Let v(g) be the third derivative of -5*g**4/24 - 7*g**3/3 + 6*g**2. What is the tens digit of v(-12)?
4
Let j = -3 + -8. Let w(t) = -t**2 - 14*t + 6. What is the units digit of w(j)?
9
Let z(b) = -b. Let d be z(-2). Suppose 3*t - 524 = -d*j, 5*t - 525 = 2*t - 3*j. What is the hundreds digit of t?
1
Let p(i) = -15*i + 8. Suppose 0 = a - 8 + 1. Let l be p(a). Let g = -61 - l. What is the tens digit of g?
3
Let b be (82 + 3)/(-1)*-1. Let c = b + -33. Suppose -c = 6*m - 196. What is the units digit of m?
4
Let p = -547 + 2328. What is the hundreds digit of p?
7
Let m(d) = 12*d + 74. What is the tens digit of m(8)?
7
Suppose 0 = 8*i + 4*i - 7488. Suppose 4*t - t = i. What is the hundreds digit of t?
2
Suppose -2*w = 3*o - 472, -4*o + 3*o + 4*w + 134 = 0. What is the hundreds digit of o?
1
Let j(w) = w**2 + 5*w - 6. Let h be j(-5). Let r be (h/(-4))/(3/12). What is the tens digit of ((-90)/(-20))/(r/32)?
2
Let b(z) be the third derivative of z**5/60 + 3*z**4/8 + 5*z**3/3 - z**2. Let g be b(-10). Let h = g - 11. What is the units digit of h?
9
Suppose 2*a + 754 = 5*r - 4513, 0 = 3*a - 12. What is the units digit of r?
5
Suppose -4*d + 4 = -4. Suppose -d*r + 3*n = -97 - 51, 4*r - 2*n = 312. What is the units digit of r?
0
Let s = 290 - -701. Suppose -l = 4*n + 2*l - s, -5*n - 2*l = -1244. Suppose -8*g + n = -166. What is the units digit of g?
2
What is the hundreds digit of 743 + 3 + 0 - 56/(-14)?
7
Suppose -h = 4*f - 3543, -3*h = -15*f + 10*f + 4433. What is the tens digit of f?
8
Suppose -c - 3*c = 6*f - 7924, 2*f - 4*c = 2652. What is the tens digit of f?
2
Let s = 9 + -6. Let t(x) = 1 - 9*x + x**s + 3*x**2 + 3*x**2 - 5 - 2. What is the units digit of t(-7)?
8
Let x = 528 - 246. What is the hundreds digit of x?
2
Let v(o) = -2*o**3 - 41*o**2 - 18*o + 109. What is the units digit of v(